{"id":2954,"date":"2021-01-08T13:17:48","date_gmt":"2021-01-08T13:17:48","guid":{"rendered":"http:\/\/acve23.com\/site\/?page_id=2954"},"modified":"2021-01-09T06:43:10","modified_gmt":"2021-01-09T06:43:10","slug":"sorties-2019","status":"publish","type":"page","link":"https:\/\/acve23.com\/site\/sorties-2019\/","title":{"rendered":"SORTIES 2019"},"content":{"rendered":"<h3><img loading=\"lazy\" decoding=\"async\" class=\"aligncenter size-full wp-image-2800\" src=\"https:\/\/acve23.com\/site\/wp-content\/uploads\/2021\/01\/BANDEAU-ANNEE-2019.png\" alt=\"\" width=\"1108\" height=\"200\" srcset=\"https:\/\/acve23.com\/site\/wp-content\/uploads\/2021\/01\/BANDEAU-ANNEE-2019.png 1108w, https:\/\/acve23.com\/site\/wp-content\/uploads\/2021\/01\/BANDEAU-ANNEE-2019-300x54.png 300w, https:\/\/acve23.com\/site\/wp-content\/uploads\/2021\/01\/BANDEAU-ANNEE-2019-1024x185.png 1024w, https:\/\/acve23.com\/site\/wp-content\/uploads\/2021\/01\/BANDEAU-ANNEE-2019-768x139.png 768w\" sizes=\"auto, (max-width: 1108px) 100vw, 1108px\" \/><\/h3>\n<h3 style=\"text-align: center;\"><span class=\"su-highlight\" style=\"background:#ffffff;color:#e81a1a\">&nbsp;N&rsquo;h\u00e9sitez pas \u00e0 nous contacter pour nous proposer vos manifestations !&nbsp;<\/span><\/h3>\n<p style=\"text-align: left;\"><div class=\"su-divider su-divider-style-double\" style=\"margin:15px 0;border-width:7px;border-color:#999999\"><a href=\"#\" style=\"color:#999999\">Aller en haut<\/a><\/div>\n<div class=\"su-box su-box-style-default\" id=\"\" style=\"border-color:#000000;border-radius:3px;\"><div class=\"su-box-title\" style=\"background-color:#333333;color:#FFFFFF;border-top-left-radius:1px;border-top-right-radius:1px\">6 JANVIER 2019 - ASSEMBL\u00c9E G\u00c9N\u00c9RALE<\/div><div class=\"su-box-content su-u-clearfix su-u-trim\" style=\"border-bottom-left-radius:1px;border-bottom-right-radius:1px\">\n<p><strong><img loading=\"lazy\" decoding=\"async\" class=\"alignleft wp-image-2959\" src=\"https:\/\/acve23.com\/site\/wp-content\/uploads\/2021\/01\/assemblee-generale.jpg\" alt=\"\" width=\"385\" height=\"200\" srcset=\"https:\/\/acve23.com\/site\/wp-content\/uploads\/2021\/01\/assemblee-generale.jpg 780w, https:\/\/acve23.com\/site\/wp-content\/uploads\/2021\/01\/assemblee-generale-300x156.jpg 300w, https:\/\/acve23.com\/site\/wp-content\/uploads\/2021\/01\/assemblee-generale-768x399.jpg 768w\" sizes=\"auto, (max-width: 385px) 100vw, 385px\" \/><\/strong><\/p>\n<p style=\"text-align: center;\"><strong>GYMNASE &#8211; CHENERAILLES<\/strong><\/p>\n<p>Rapport d&rsquo;activit\u00e9 et financier 2018<\/p>\n<p>Bilan pr\u00e9visionnel et calendrier des sorties 2019<\/p>\n<p>Questions diverses<\/p>\n<p style=\"text-align: left;\"><\/div><\/div>\n<div class=\"su-box su-box-style-default\" id=\"\" style=\"border-color:#000000;border-radius:3px;\"><div class=\"su-box-title\" style=\"background-color:#333333;color:#FFFFFF;border-top-left-radius:1px;border-top-right-radius:1px\">16 F\u00c9VRIER 2019 - REPAS ANNUEL<\/div><div class=\"su-box-content su-u-clearfix su-u-trim\" style=\"border-bottom-left-radius:1px;border-bottom-right-radius:1px\">\n<p><strong><img loading=\"lazy\" decoding=\"async\" class=\"alignright wp-image-2962\" src=\"https:\/\/acve23.com\/site\/wp-content\/uploads\/2021\/01\/image.jpg\" alt=\"\" width=\"400\" height=\"200\" srcset=\"https:\/\/acve23.com\/site\/wp-content\/uploads\/2021\/01\/image.jpg 1024w, https:\/\/acve23.com\/site\/wp-content\/uploads\/2021\/01\/image-300x150.jpg 300w, https:\/\/acve23.com\/site\/wp-content\/uploads\/2021\/01\/image-768x384.jpg 768w\" sizes=\"auto, (max-width: 400px) 100vw, 400px\" \/><\/strong><\/p>\n<p><span style=\"font-size: inherit;\"><b>RESTAURANT L&rsquo;ESCALE \u00e0 LA SAUNIERE <\/b><\/span><\/p>\n<p>Menu concoct\u00e9 par le chef Thierry LE COSTOEC<\/p>\n<p><span style=\"font-size: inherit;\"><\/div><\/div><\/span><\/p>\n<div class=\"su-box su-box-style-default\" id=\"\" style=\"border-color:#000000;border-radius:3px;\"><div class=\"su-box-title\" style=\"background-color:#333333;color:#FFFFFF;border-top-left-radius:1px;border-top-right-radius:1px\">16 MARS 2019 - SOIR\u00c9E TH\u00c9\u00c2TRE<\/div><div class=\"su-box-content su-u-clearfix su-u-trim\" style=\"border-bottom-left-radius:1px;border-bottom-right-radius:1px\">\n<p><strong><img loading=\"lazy\" decoding=\"async\" class=\"alignleft wp-image-2967\" src=\"https:\/\/acve23.com\/site\/wp-content\/uploads\/2021\/01\/20150814234204-06a1e2ec-me.jpg\" alt=\"\" width=\"302\" height=\"200\" srcset=\"https:\/\/acve23.com\/site\/wp-content\/uploads\/2021\/01\/20150814234204-06a1e2ec-me.jpg 792w, https:\/\/acve23.com\/site\/wp-content\/uploads\/2021\/01\/20150814234204-06a1e2ec-me-300x199.jpg 300w, https:\/\/acve23.com\/site\/wp-content\/uploads\/2021\/01\/20150814234204-06a1e2ec-me-768x509.jpg 768w\" sizes=\"auto, (max-width: 302px) 100vw, 302px\" \/><\/strong><\/p>\n<p style=\"text-align: center;\"><b>AVEC LA TROUPE DE ROUGNAT<\/b><\/p>\n<p style=\"text-align: center;\">MAISON DE LA CULTURE \u2013 CHENERAILLES<\/p>\n<p style=\"text-align: center;\">\u2014\u2014\u2014\u2014\u2014\u2014\u2014\u2014\u2014\u2014\u2014\u2014\u2014\u2014\u2014\u2014<\/p>\n<p style=\"text-align: center;\">Tarifs 2019 : <strong>Adulte<\/strong>&nbsp;: N.C \u2013&nbsp;<strong>Enfant :<\/strong>&nbsp;N.C<\/p>\n<p style=\"text-align: center;\"><strong>Date limite de r\u00e9servation : N.C<\/strong><b style=\"font-size: inherit;\">.<\/b><\/p>\n<p><span style=\"font-size: inherit;\"><\/div><\/div><\/span><\/p>\n<div class=\"su-box su-box-style-default\" id=\"\" style=\"border-color:#000000;border-radius:3px;\"><div class=\"su-box-title\" style=\"background-color:#333333;color:#FFFFFF;border-top-left-radius:1px;border-top-right-radius:1px\">31 MARS 2019 - SORTIE DE D\u00c9GOMMAGE<\/div><div class=\"su-box-content su-u-clearfix su-u-trim\" style=\"border-bottom-left-radius:1px;border-bottom-right-radius:1px\">\n<p><strong><img loading=\"lazy\" decoding=\"async\" class=\"alignright wp-image-2779\" src=\"https:\/\/acve23.com\/site\/wp-content\/uploads\/2021\/01\/chasse-au-tresor-en-voiture-durbuy-1.jpg\" alt=\"\" width=\"307\" height=\"200\" srcset=\"https:\/\/acve23.com\/site\/wp-content\/uploads\/2021\/01\/chasse-au-tresor-en-voiture-durbuy-1.jpg 410w, https:\/\/acve23.com\/site\/wp-content\/uploads\/2021\/01\/chasse-au-tresor-en-voiture-durbuy-1-300x195.jpg 300w\" sizes=\"auto, (max-width: 307px) 100vw, 307px\" \/><\/strong><\/p>\n<p style=\"text-align: center;\"><span style=\"font-size: inherit;\"><b>MARTIN NADAUD ET BANIZETTE<\/b><\/span><\/p>\n<p>Partons \u00e0 la d\u00e9couverte du village de Martin\u00e8che, berceau de Martin NADAUD, puis du domaine de Banizette sur la commune de la Nouaille.<\/p>\n<p><span style=\"font-size: inherit;\"><\/div><\/div><\/span><\/p>\n<div class=\"su-box su-box-style-default\" id=\"\" style=\"border-color:#000000;border-radius:3px;\"><div class=\"su-box-title\" style=\"background-color:#333333;color:#FFFFFF;border-top-left-radius:1px;border-top-right-radius:1px\">28 AVRIL 2019 - JOURN\u00c9E NATIONALE FFVE<\/div><div class=\"su-box-content su-u-clearfix su-u-trim\" style=\"border-bottom-left-radius:1px;border-bottom-right-radius:1px\">\n<p><strong><img loading=\"lazy\" decoding=\"async\" class=\"alignleft wp-image-2980\" src=\"https:\/\/acve23.com\/site\/wp-content\/uploads\/2021\/01\/unnamed.jpg\" alt=\"\" width=\"200\" height=\"200\" srcset=\"https:\/\/acve23.com\/site\/wp-content\/uploads\/2021\/01\/unnamed.jpg 512w, https:\/\/acve23.com\/site\/wp-content\/uploads\/2021\/01\/unnamed-300x300.jpg 300w, https:\/\/acve23.com\/site\/wp-content\/uploads\/2021\/01\/unnamed-150x150.jpg 150w\" sizes=\"auto, (max-width: 200px) 100vw, 200px\" \/><\/strong><\/p>\n<p style=\"text-align: center;\"><strong>BALADE SUR LES ROUTES CREUSOISES<\/strong><\/p>\n<p>&nbsp;<\/p>\n<p>&nbsp;<\/p>\n<p style=\"text-align: left;\"><\/div><\/div>\n<div class=\"su-box su-box-style-default\" id=\"\" style=\"border-color:#000000;border-radius:3px;\"><div class=\"su-box-title\" style=\"background-color:#333333;color:#FFFFFF;border-top-left-radius:1px;border-top-right-radius:1px\">1ER MAI 2019 - EXPOSITION DE VOITURES ANCIENNES<\/div><div class=\"su-box-content su-u-clearfix su-u-trim\" style=\"border-bottom-left-radius:1px;border-bottom-right-radius:1px\">\n<p><strong><img loading=\"lazy\" decoding=\"async\" class=\"alignright wp-image-2982\" src=\"https:\/\/acve23.com\/site\/wp-content\/uploads\/2021\/01\/20190508133759-d567c641-me.jpg\" alt=\"\" width=\"300\" height=\"200\" srcset=\"https:\/\/acve23.com\/site\/wp-content\/uploads\/2021\/01\/20190508133759-d567c641-me.jpg 792w, https:\/\/acve23.com\/site\/wp-content\/uploads\/2021\/01\/20190508133759-d567c641-me-300x200.jpg 300w, https:\/\/acve23.com\/site\/wp-content\/uploads\/2021\/01\/20190508133759-d567c641-me-768x512.jpg 768w\" sizes=\"auto, (max-width: 300px) 100vw, 300px\" \/><\/strong><\/p>\n<p style=\"text-align: center;\"><span style=\"font-size: inherit;\"><b>PLACE PRINCIPALE &#8211; MOUTIER MALCARD<\/b><\/span><\/p>\n<p>&nbsp;<\/p>\n<p>&nbsp;<\/p>\n<p><span style=\"font-size: inherit;\"><\/div><\/div><\/span><\/p>\n<div class=\"su-box su-box-style-default\" id=\"\" style=\"border-color:#000000;border-radius:3px;\"><div class=\"su-box-title\" style=\"background-color:#333333;color:#FFFFFF;border-top-left-radius:1px;border-top-right-radius:1px\">19 MAI 2019 - R\u00c9VISONS NOS BASES<\/div><div class=\"su-box-content su-u-clearfix su-u-trim\" style=\"border-bottom-left-radius:1px;border-bottom-right-radius:1px\">\n<p><strong><img loading=\"lazy\" decoding=\"async\" class=\"alignleft wp-image-2985\" src=\"https:\/\/acve23.com\/site\/wp-content\/uploads\/2021\/01\/unnamed-1.jpg\" alt=\"\" width=\"317\" height=\"200\" srcset=\"https:\/\/acve23.com\/site\/wp-content\/uploads\/2021\/01\/unnamed-1.jpg 500w, https:\/\/acve23.com\/site\/wp-content\/uploads\/2021\/01\/unnamed-1-300x189.jpg 300w\" sizes=\"auto, (max-width: 317px) 100vw, 317px\" \/><\/strong><\/p>\n<p style=\"text-align: center;\"><b>PARTONS A LA D\u00c9COUVERTE D&rsquo;EPINEUIL LE FLEURIEL ET REPASSONS LE CERTIFICAT D&rsquo;ETUDES SUR LES BANCS DE LA MAISON ECOLE DU GRAND MEAULNES<\/b><\/p>\n<p style=\"text-align: left;\"><\/div><\/div>\n<div class=\"su-box su-box-style-default\" id=\"\" style=\"border-color:#000000;border-radius:3px;\"><div class=\"su-box-title\" style=\"background-color:#333333;color:#FFFFFF;border-top-left-radius:1px;border-top-right-radius:1px\">2 JUIN 2019 - EXPOSITION DE VOITURES ANCIENNES<\/div><div class=\"su-box-content su-u-clearfix su-u-trim\" style=\"border-bottom-left-radius:1px;border-bottom-right-radius:1px\">\n<p><strong><img loading=\"lazy\" decoding=\"async\" class=\"alignright wp-image-2914\" src=\"https:\/\/acve23.com\/site\/wp-content\/uploads\/2021\/01\/20160811170150-d6f59410-me.jpg\" alt=\"\" width=\"300\" height=\"200\" srcset=\"https:\/\/acve23.com\/site\/wp-content\/uploads\/2021\/01\/20160811170150-d6f59410-me.jpg 792w, https:\/\/acve23.com\/site\/wp-content\/uploads\/2021\/01\/20160811170150-d6f59410-me-300x200.jpg 300w, https:\/\/acve23.com\/site\/wp-content\/uploads\/2021\/01\/20160811170150-d6f59410-me-768x512.jpg 768w\" sizes=\"auto, (max-width: 300px) 100vw, 300px\" \/><\/strong><\/p>\n<p style=\"text-align: center;\"><span style=\"font-size: inherit;\"><b>GRANDE PLACE de MOURIOUX VIEILLEVILLE<\/b><\/span><\/p>\n<p>Exposition de v\u00e9hicules Anciens<\/p>\n<p>D\u00e9fil\u00e9, vide-garage, restauration<\/p>\n<p><span style=\"font-size: inherit;\"><\/div><\/div><\/span><\/p>\n<div class=\"su-box su-box-style-default\" id=\"\" style=\"border-color:#000000;border-radius:3px;\"><div class=\"su-box-title\" style=\"background-color:#333333;color:#FFFFFF;border-top-left-radius:1px;border-top-right-radius:1px\">9 JUIN 2019 - SORTIE DANS L'INDRE<\/div><div class=\"su-box-content su-u-clearfix su-u-trim\" style=\"border-bottom-left-radius:1px;border-bottom-right-radius:1px\">\n<p><strong><img loading=\"lazy\" decoding=\"async\" class=\"alignleft wp-image-2989\" src=\"https:\/\/acve23.com\/site\/wp-content\/uploads\/2021\/01\/0.bouges_photo_une_gv-810x480-1.jpg\" alt=\"\" width=\"338\" height=\"200\" srcset=\"https:\/\/acve23.com\/site\/wp-content\/uploads\/2021\/01\/0.bouges_photo_une_gv-810x480-1.jpg 810w, https:\/\/acve23.com\/site\/wp-content\/uploads\/2021\/01\/0.bouges_photo_une_gv-810x480-1-300x178.jpg 300w, https:\/\/acve23.com\/site\/wp-content\/uploads\/2021\/01\/0.bouges_photo_une_gv-810x480-1-768x455.jpg 768w\" sizes=\"auto, (max-width: 338px) 100vw, 338px\" \/><\/strong><\/p>\n<p style=\"text-align: center;\"><b>RENCONTRE AVEC LE CLUB JADIS AUTO ORLEANAIS<\/b><\/p>\n<p>Visite du ch\u00e2teau de Bouges &#8211; (r\u00e9plique du petit Trianon du Ch\u00e2teau de Versailles)<\/p>\n<p style=\"text-align: left;\"><\/div><\/div>\n<div class=\"su-box su-box-style-default\" id=\"\" style=\"border-color:#000000;border-radius:3px;\"><div class=\"su-box-title\" style=\"background-color:#333333;color:#FFFFFF;border-top-left-radius:1px;border-top-right-radius:1px\">16 JUIN 2019 - EXPOSITION DE VOITURES ANCIENNES<\/div><div class=\"su-box-content su-u-clearfix su-u-trim\" style=\"border-bottom-left-radius:1px;border-bottom-right-radius:1px\">\n<p><strong><img loading=\"lazy\" decoding=\"async\" class=\"alignright wp-image-2991\" src=\"https:\/\/acve23.com\/site\/wp-content\/uploads\/2021\/01\/JUIN-2019.jpg\" alt=\"\" width=\"322\" height=\"200\" srcset=\"https:\/\/acve23.com\/site\/wp-content\/uploads\/2021\/01\/JUIN-2019.jpg 467w, https:\/\/acve23.com\/site\/wp-content\/uploads\/2021\/01\/JUIN-2019-300x186.jpg 300w\" sizes=\"auto, (max-width: 322px) 100vw, 322px\" \/><\/strong><\/p>\n<p style=\"text-align: center;\"><span style=\"font-size: inherit;\"><b>ROUSSINES (36)<\/b><\/span><\/p>\n<p>Exposition de v\u00e9hicules Anciens<\/p>\n<p>&nbsp;<\/p>\n<p><span style=\"font-size: inherit;\"><\/div><\/div><\/span><\/p>\n<div class=\"su-box su-box-style-default\" id=\"\" style=\"border-color:#000000;border-radius:3px;\"><div class=\"su-box-title\" style=\"background-color:#333333;color:#FFFFFF;border-top-left-radius:1px;border-top-right-radius:1px\">20 JUILLET 2019 - PARTONS DOMPTER LES FAUVES<\/div><div class=\"su-box-content su-u-clearfix su-u-trim\" style=\"border-bottom-left-radius:1px;border-bottom-right-radius:1px\">\n<p><strong><img loading=\"lazy\" decoding=\"async\" class=\"wp-image-2996 alignleft\" src=\"https:\/\/acve23.com\/site\/wp-content\/uploads\/2021\/01\/860_jm-baud.jpg\" alt=\"\" width=\"300\" height=\"200\" srcset=\"https:\/\/acve23.com\/site\/wp-content\/uploads\/2021\/01\/860_jm-baud.jpg 860w, https:\/\/acve23.com\/site\/wp-content\/uploads\/2021\/01\/860_jm-baud-300x200.jpg 300w, https:\/\/acve23.com\/site\/wp-content\/uploads\/2021\/01\/860_jm-baud-768x512.jpg 768w\" sizes=\"auto, (max-width: 300px) 100vw, 300px\" \/><\/strong><\/p>\n<p style=\"text-align: center;\"><strong>RENCONTRE AVEC LE CLUB JADIS AUTO ORLEANAIS<\/strong><\/p>\n<p>D\u00e9couverte du Parc aux Loups de Chabri\u00e8res<\/p>\n<p>&nbsp;<\/p>\n<p><span style=\"font-size: inherit;\"><\/div><\/div><\/span><\/p>\n<div class=\"su-box su-box-style-default\" id=\"\" style=\"border-color:#000000;border-radius:3px;\"><div class=\"su-box-title\" style=\"background-color:#333333;color:#FFFFFF;border-top-left-radius:1px;border-top-right-radius:1px\">21 JUILLET 2019 - 2EME RALLYE TOURISTIQUE<\/div><div class=\"su-box-content su-u-clearfix su-u-trim\" style=\"border-bottom-left-radius:1px;border-bottom-right-radius:1px\">\n<p><strong><img loading=\"lazy\" decoding=\"async\" class=\"wp-image-2993 alignright\" src=\"https:\/\/acve23.com\/site\/wp-content\/uploads\/2021\/01\/20180827120140-6fab1bb7-me.jpg\" alt=\"\" width=\"267\" height=\"200\" srcset=\"https:\/\/acve23.com\/site\/wp-content\/uploads\/2021\/01\/20180827120140-6fab1bb7-me.jpg 792w, https:\/\/acve23.com\/site\/wp-content\/uploads\/2021\/01\/20180827120140-6fab1bb7-me-300x225.jpg 300w, https:\/\/acve23.com\/site\/wp-content\/uploads\/2021\/01\/20180827120140-6fab1bb7-me-768x576.jpg 768w\" sizes=\"auto, (max-width: 267px) 100vw, 267px\" \/><\/strong><\/p>\n<p style=\"text-align: center;\"><b>Partez \u00e0 la d\u00e9couverte du patrimoine creusois de fa\u00e7on ludique et insolite<\/b><\/p>\n<p>&nbsp;<\/p>\n<p style=\"text-align: left;\"><\/div><\/div>\n<div class=\"su-box su-box-style-default\" id=\"\" style=\"border-color:#000000;border-radius:3px;\"><div class=\"su-box-title\" style=\"background-color:#333333;color:#FFFFFF;border-top-left-radius:1px;border-top-right-radius:1px\">28 JUILLET 2019 - JOURN\u00c9E D\u00c9TENTE<\/div><div class=\"su-box-content su-u-clearfix su-u-trim\" style=\"border-bottom-left-radius:1px;border-bottom-right-radius:1px\">\n<p><strong><img loading=\"lazy\" decoding=\"async\" class=\"wp-image-1138 alignleft\" src=\"https:\/\/acve23.com\/site\/wp-content\/uploads\/2015\/01\/Fotolia_23241493_XS.jpg\" alt=\"\" width=\"300\" height=\"200\" srcset=\"https:\/\/acve23.com\/site\/wp-content\/uploads\/2015\/01\/Fotolia_23241493_XS.jpg 424w, https:\/\/acve23.com\/site\/wp-content\/uploads\/2015\/01\/Fotolia_23241493_XS-300x200.jpg 300w, https:\/\/acve23.com\/site\/wp-content\/uploads\/2015\/01\/Fotolia_23241493_XS-230x154.jpg 230w\" sizes=\"auto, (max-width: 300px) 100vw, 300px\" \/><\/strong><\/p>\n<p style=\"text-align: center;\"><strong>DOIGTS DE PIED EN EVENTAIL chez un adh\u00e9rent&nbsp;<\/strong><\/p>\n<p>&nbsp;<\/p>\n<p>&nbsp;<\/p>\n<p><span style=\"font-size: inherit;\"><\/div><\/div><\/span><\/p>\n<div class=\"su-box su-box-style-default\" id=\"\" style=\"border-color:#000000;border-radius:3px;\"><div class=\"su-box-title\" style=\"background-color:#333333;color:#FFFFFF;border-top-left-radius:1px;border-top-right-radius:1px\">DU 21 AU 25 AO\u00dbT 2019 - VOYAGE DE L'ACVE<\/div><div class=\"su-box-content su-u-clearfix su-u-trim\" style=\"border-bottom-left-radius:1px;border-bottom-right-radius:1px\">\n<p><strong><img loading=\"lazy\" decoding=\"async\" class=\"alignright wp-image-2999\" src=\"https:\/\/acve23.com\/site\/wp-content\/uploads\/2021\/01\/20190902185314-67ca0e02-me.jpg\" alt=\"\" width=\"411\" height=\"200\" srcset=\"https:\/\/acve23.com\/site\/wp-content\/uploads\/2021\/01\/20190902185314-67ca0e02-me.jpg 792w, https:\/\/acve23.com\/site\/wp-content\/uploads\/2021\/01\/20190902185314-67ca0e02-me-300x146.jpg 300w, https:\/\/acve23.com\/site\/wp-content\/uploads\/2021\/01\/20190902185314-67ca0e02-me-768x373.jpg 768w\" sizes=\"auto, (max-width: 411px) 100vw, 411px\" \/><\/strong><\/p>\n<p style=\"text-align: center;\"><b>CANTAL ET AVEYRON<\/b><\/p>\n<p>Tradition oblige, L&rsquo;ACVE part cette ann\u00e9e \u00e0 la conqu\u00eate de l&rsquo;Aveyron et du Cantal, \u00e0 la d\u00e9couverte de tr\u00e9sors cach\u00e9s et de terroirs encores m\u00e9connus de ses adh\u00e9rents.<\/p>\n<p style=\"text-align: left;\"><\/div><\/div>\n<div class=\"su-box su-box-style-default\" id=\"\" style=\"border-color:#000000;border-radius:3px;\"><div class=\"su-box-title\" style=\"background-color:#333333;color:#FFFFFF;border-top-left-radius:1px;border-top-right-radius:1px\">22 SEPTEMBRE 2019 - SORTIE DU PATRIMOINE<\/div><div class=\"su-box-content su-u-clearfix su-u-trim\" style=\"border-bottom-left-radius:1px;border-bottom-right-radius:1px\">\n<p><strong><img loading=\"lazy\" decoding=\"async\" class=\"wp-image-3002 alignleft\" src=\"https:\/\/acve23.com\/site\/wp-content\/uploads\/2021\/01\/20191001141759-688a51ea-me.jpg\" alt=\"\" width=\"300\" height=\"200\" srcset=\"https:\/\/acve23.com\/site\/wp-content\/uploads\/2021\/01\/20191001141759-688a51ea-me.jpg 792w, https:\/\/acve23.com\/site\/wp-content\/uploads\/2021\/01\/20191001141759-688a51ea-me-300x200.jpg 300w, https:\/\/acve23.com\/site\/wp-content\/uploads\/2021\/01\/20191001141759-688a51ea-me-768x512.jpg 768w\" sizes=\"auto, (max-width: 300px) 100vw, 300px\" \/><\/strong><\/p>\n<p style=\"text-align: center;\"><strong>CHAMBON sur VOUEIZE et MARCILLAT en COMBRAILLE<\/strong><\/p>\n<p style=\"text-align: left;\">Visite de l&rsquo;Abbatiale Sainte Val\u00e9rie&nbsp; \u00e0 Chambon Sur Voueize<\/p>\n<p>Visite de la Maison des Combrailles \u00e0 Marcillat en Combraille<span style=\"font-size: inherit;\"><\/div><\/div><\/span><\/p>\n<div class=\"su-box su-box-style-default\" id=\"\" style=\"border-color:#000000;border-radius:3px;\"><div class=\"su-box-title\" style=\"background-color:#333333;color:#FFFFFF;border-top-left-radius:1px;border-top-right-radius:1px\">16 NOVEMBRE 2019 - LIGUE CONTRE LE CANCER<\/div><div class=\"su-box-content su-u-clearfix su-u-trim\" style=\"border-bottom-left-radius:1px;border-bottom-right-radius:1px\">\n<p style=\"text-align: center;\"><img loading=\"lazy\" decoding=\"async\" class=\"wp-image-3008 alignright\" src=\"https:\/\/acve23.com\/site\/wp-content\/uploads\/2021\/01\/4-quartierdelaterrade-aubusson.jpg\" alt=\"\" width=\"300\" height=\"200\" srcset=\"https:\/\/acve23.com\/site\/wp-content\/uploads\/2021\/01\/4-quartierdelaterrade-aubusson.jpg 1620w, https:\/\/acve23.com\/site\/wp-content\/uploads\/2021\/01\/4-quartierdelaterrade-aubusson-300x200.jpg 300w, https:\/\/acve23.com\/site\/wp-content\/uploads\/2021\/01\/4-quartierdelaterrade-aubusson-1024x683.jpg 1024w, https:\/\/acve23.com\/site\/wp-content\/uploads\/2021\/01\/4-quartierdelaterrade-aubusson-768x512.jpg 768w, https:\/\/acve23.com\/site\/wp-content\/uploads\/2021\/01\/4-quartierdelaterrade-aubusson-1536x1024.jpg 1536w\" sizes=\"auto, (max-width: 300px) 100vw, 300px\" \/>&nbsp;<b style=\"font-size: inherit; text-align: center;\">EN PARTENARIAT AVEC LE CREDIT AGRICOLE<\/b><\/p>\n<p>Visite de la ville d&rsquo;Aubusson en voitures anciennes au profit de la Ligue Contre le Cancer.<img loading=\"lazy\" decoding=\"async\" class=\"wp-image-3016 alignleft\" src=\"https:\/\/acve23.com\/site\/wp-content\/uploads\/2021\/01\/crop_5e7b8f3d4e0c1_annule3-150x150.png\" alt=\"\" width=\"118\" height=\"75\"><\/p>\n<\/div><\/div>\n<p>&nbsp;<\/p>\n<p style=\"text-align: center;\"><a href=\"https:\/\/acve23.com\/site\/sorties\/\" class=\"su-button su-button-style-flat\" style=\"color:#FFFFFF;background-color:#2D89EF;border-color:#246ec0;border-radius:5px\" target=\"_self\"><span style=\"color:#FFFFFF;padding:6px 16px;font-size:13px;line-height:20px;border-color:#6cadf4;border-radius:5px;text-shadow:none\"><img decoding=\"async\" src=\"https:\/\/acve23.com\/site\/wp-content\/uploads\/2015\/09\/earth-globe4.png\" alt=\"MENU DES SORTIES\" style=\"width:20px;height:20px\" \/> MENU DES SORTIES<\/span><\/a>&nbsp; &nbsp; &nbsp;<a href=\"https:\/\/acve23.com\/site\/\" class=\"su-button su-button-style-flat\" style=\"color:#FFFFFF;background-color:#2D89EF;border-color:#246ec0;border-radius:5px\" target=\"_self\"><span style=\"color:#FFFFFF;padding:6px 16px;font-size:13px;line-height:20px;border-color:#6cadf4;border-radius:5px;text-shadow:none\"><img decoding=\"async\" src=\"https:\/\/acve23.com\/site\/wp-content\/uploads\/2015\/09\/home78.png\" alt=\"RETOUR A L&rsquo;ACCUEIL\" style=\"width:20px;height:20px\" \/> RETOUR A L&rsquo;ACCUEIL<\/span><\/a>&nbsp; &nbsp; &nbsp;<a href=\"https:\/\/acve23.com\/site\/sorties-2018\/\" class=\"su-button su-button-style-flat\" style=\"color:#FFFFFF;background-color:#2D89EF;border-color:#246ec0;border-radius:5px\" target=\"_self\"><span style=\"color:#FFFFFF;padding:6px 16px;font-size:13px;line-height:20px;border-color:#6cadf4;border-radius:5px;text-shadow:none\"><img decoding=\"async\" src=\"https:\/\/acve23.com\/site\/wp-content\/uploads\/2015\/09\/father16.png\" alt=\"SORTIES 2018\" style=\"width:20px;height:20px\" \/> SORTIES 2018<\/span><\/a>\n","protected":false},"excerpt":{"rendered":"<p>&nbsp; &nbsp; &nbsp; &nbsp;&nbsp; &nbsp; &nbsp;<\/p>\n","protected":false},"author":1,"featured_media":0,"parent":0,"menu_order":0,"comment_status":"closed","ping_status":"closed","template":"","meta":{"ngg_post_thumbnail":0,"footnotes":""},"class_list":["post-2954","page","type-page","status-publish","hentry",""],"_links":{"self":[{"href":"https:\/\/acve23.com\/site\/wp-json\/wp\/v2\/pages\/2954","targetHints":{"allow":["GET"]}}],"collection":[{"href":"https:\/\/acve23.com\/site\/wp-json\/wp\/v2\/pages"}],"about":[{"href":"https:\/\/acve23.com\/site\/wp-json\/wp\/v2\/types\/page"}],"author":[{"embeddable":true,"href":"https:\/\/acve23.com\/site\/wp-json\/wp\/v2\/users\/1"}],"replies":[{"embeddable":true,"href":"https:\/\/acve23.com\/site\/wp-json\/wp\/v2\/comments?post=2954"}],"version-history":[{"count":49,"href":"https:\/\/acve23.com\/site\/wp-json\/wp\/v2\/pages\/2954\/revisions"}],"predecessor-version":[{"id":3019,"href":"https:\/\/acve23.com\/site\/wp-json\/wp\/v2\/pages\/2954\/revisions\/3019"}],"wp:attachment":[{"href":"https:\/\/acve23.com\/site\/wp-json\/wp\/v2\/media?parent=2954"}],"curies":[{"name":"wp","href":"https:\/\/api.w.org\/{rel}","templated":true}]}}