{"id":2,"date":"2015-01-14T12:23:35","date_gmt":"2015-01-14T12:23:35","guid":{"rendered":"http:\/\/acve23.com\/site\/?page_id=2"},"modified":"2023-04-07T15:16:19","modified_gmt":"2023-04-07T15:16:19","slug":"presentation","status":"publish","type":"page","link":"https:\/\/acve23.com\/site\/presentation\/","title":{"rendered":"Pr\u00e9sentation"},"content":{"rendered":"<p style=\"text-align: left;\"><div class=\"su-box su-box-style-default\" id=\"\" style=\"border-color:#000000;border-radius:3px;\"><div class=\"su-box-title\" style=\"background-color:#333333;color:#FFFFFF;border-top-left-radius:1px;border-top-right-radius:1px\"><\/div><div class=\"su-box-content su-u-clearfix su-u-trim\" style=\"border-bottom-left-radius:1px;border-bottom-right-radius:1px\">\n<h3 style=\"text-align: center;\"><img loading=\"lazy\" decoding=\"async\" class=\"alignleft wp-image-538 size-thumbnail\" src=\"https:\/\/acve23.com\/site\/wp-content\/uploads\/2015\/08\/anim-logo-150x150.gif\" alt=\"anim-logo\" width=\"150\" height=\"150\"><span style=\"color: #ff0000;\">Bienvenue sur la page de pr\u00e9sentation&nbsp;de l&rsquo;ACVE.<\/span><\/h3>\n<p style=\"text-align: justify;\">Cette rubrique vous donne toutes les informations concernant l&rsquo;association. Vous trouverez dans cette page le but de l&rsquo;amicale, &#8230;<\/p>\n<p style=\"text-align: justify;\">Nous vous souhaitons une bonne d\u00e9couverte de notre site.<\/p>\n<p style=\"text-align: justify;\"><\/div><\/div>\n<p style=\"text-align: right;\"><a href=\"https:\/\/acve23.com\/site\/mentions-legales\/\">Mentions l\u00e9gales<\/a><\/p>\n<div class=\"su-divider su-divider-style-double\" style=\"margin:15px 0;border-width:7px;border-color:#999999\"><a href=\"#\" style=\"color:#999999\">Aller en haut<\/a><\/div>\n<p>&nbsp;<\/p>\n<div class=\"su-row\">\n<div class=\"su-column su-column-size-3-4\"><div class=\"su-column-inner su-u-clearfix su-u-trim\">\n<div class=\"su-box su-box-style-default\" id=\"\" style=\"border-color:#000000;border-radius:3px;\"><div class=\"su-box-title\" style=\"background-color:#333333;color:#FFFFFF;border-top-left-radius:1px;border-top-right-radius:1px\">L'ASSOCIATION<\/div><div class=\"su-box-content su-u-clearfix su-u-trim\" style=\"border-bottom-left-radius:1px;border-bottom-right-radius:1px\">\n<p style=\"text-align: justify;\" align=\"left\">&nbsp;<img loading=\"lazy\" decoding=\"async\" class=\"alignleft wp-image-1050\" src=\"https:\/\/acve23.com\/site\/wp-content\/uploads\/2015\/01\/Wisconsin_WIC_Association_Logo-258x300.jpg\" alt=\"ASSOCIATION\" width=\"172\" height=\"200\" srcset=\"https:\/\/acve23.com\/site\/wp-content\/uploads\/2015\/01\/Wisconsin_WIC_Association_Logo-258x300.jpg 258w, https:\/\/acve23.com\/site\/wp-content\/uploads\/2015\/01\/Wisconsin_WIC_Association_Logo-879x1024.jpg 879w, https:\/\/acve23.com\/site\/wp-content\/uploads\/2015\/01\/Wisconsin_WIC_Association_Logo-830x967.jpg 830w, https:\/\/acve23.com\/site\/wp-content\/uploads\/2015\/01\/Wisconsin_WIC_Association_Logo-550x640.jpg 550w, https:\/\/acve23.com\/site\/wp-content\/uploads\/2015\/01\/Wisconsin_WIC_Association_Logo-230x268.jpg 230w\" sizes=\"auto, (max-width: 172px) 100vw, 172px\" \/><span style=\"color: #ff0000;\"><b>L&rsquo;AMICALE CREUSOISE DE VEHICULE D&rsquo;EPOQUE<\/b><\/span> est une association \u00e0 but non lucratif, r\u00e9gie par la loi du 1er juillet 1901. Son si\u00e8ge social se situe \u00e0 la mairie de Ch\u00e9n\u00e9railles. Toutes les correspondances sont \u00e0 adresser chez le Pr\u00e9sident.<\/p>\n<p style=\"text-align: justify;\" align=\"left\">L&rsquo;amicale a \u00e9t\u00e9 cr\u00e9\u00e9e pour les amateurs de v\u00e9hicules anciens (+ de 25 ans), poss\u00e9dant soit une auto, une moto, un v\u00e9lo, un camion ou un tracteur, d\u00e9sirant partager leur passion avec d&rsquo;autres amateurs, dans une ambiance chaleureuse o\u00f9 la bonne humeur et l&rsquo;esprit d&rsquo;entraide pr\u00e9dominent. A l&rsquo;\u00e9poque elle s&rsquo;appelait \u00ab\u00a0Amicale Sport M\u00e9canique de la Marche\u00a0\u00bb.<\/p>\n<p style=\"text-align: justify;\" align=\"left\">Le but de l&rsquo;amicale est donc d&rsquo;aider ses adh\u00e9rents \u00e0 r\u00e9soudre les probl\u00e8mes li\u00e9s \u00e0 la restauration et \u00e0 l&rsquo;entretien des v\u00e9hicules anciens. C&rsquo;est \u00e9galement la mise en commun de savoirs et d&rsquo;exp\u00e9riences apport\u00e9s par chacun, soit du fait de sa profession, soit du fait de ses relations ou de son v\u00e9cu.<\/p>\n<p style=\"text-align: justify;\" align=\"left\">Il est pr\u00e9cis\u00e9 que celui qui serait tent\u00e9 de vouloir retirer un b\u00e9n\u00e9fice commercial en adh\u00e9rant, serait invit\u00e9 \u00e0 quitter l&rsquo;amicale.<\/p>\n<p style=\"text-align: justify;\" align=\"left\">Etre membre de l&rsquo;amicale est un \u00e9tat d&rsquo;esprit, c&rsquo;est le partage du plaisir de faire quelques belles balades en bonne compagnie.<\/p>\n<p style=\"text-align: justify;\" align=\"left\"><\/div><\/div>\n<p style=\"text-align: justify;\" align=\"left\"><div class=\"su-divider su-divider-style-double\" style=\"margin:15px 0;border-width:7px;border-color:#999999\"><a href=\"#\" style=\"color:#999999\">Aller en haut<\/a><\/div>\n<p style=\"text-align: justify;\" align=\"left\"><div class=\"su-box su-box-style-default\" id=\"\" style=\"border-color:#000000;border-radius:3px;\"><div class=\"su-box-title\" style=\"background-color:#333333;color:#FFFFFF;border-top-left-radius:1px;border-top-right-radius:1px\">La place des Conjoint(e)s<\/div><div class=\"su-box-content su-u-clearfix su-u-trim\" style=\"border-bottom-left-radius:1px;border-bottom-right-radius:1px\">\n<p style=\"text-align: justify;\" align=\"left\"><span style=\"text-decoration: underline;\"><img loading=\"lazy\" decoding=\"async\" class=\"alignleft size-full wp-image-1053\" src=\"https:\/\/acve23.com\/site\/wp-content\/uploads\/2015\/01\/9774532-achats-mari-et-la-femme.jpg\" alt=\"9774532-achats-mari-et-la-femme\" width=\"121\" height=\"168\">La place des conjoints(es) :<\/span><br \/>\nIl n&rsquo;aura \u00e9chapp\u00e9 \u00e0 personne qu&rsquo;en g\u00e9n\u00e9ral, la majorit\u00e9 des pilotes dans nos associations \u00e9taient des hommes, que c&rsquo;\u00e9taient eux qui \u00e9taient \u00a0\u00bb l&rsquo;adh\u00e9rent \u00ab\u00a0, toujours cit\u00e9. L&rsquo;occupante de la place droite \u00e9tant l\u00e0 soit pour faire bien, pour lire les cartes et se faire secouer lorsque l&rsquo;\u00e9quipage se perdait, et \u00e9ventuellement pousser en cas de panne.<\/p>\n<p style=\"text-align: justify;\" align=\"left\">A l&rsquo;amicale, nous prenons en consid\u00e9ration l&rsquo;\u00e9quipage plut\u00f4t que le pilote.<\/p>\n<p style=\"text-align: justify;\" align=\"left\"><\/div><\/div>\n<p style=\"text-align: justify;\" align=\"left\"><div class=\"su-divider su-divider-style-double\" style=\"margin:15px 0;border-width:7px;border-color:#999999\"><a href=\"#\" style=\"color:#999999\">Aller en haut<\/a><\/div>\n<p style=\"text-align: justify;\" align=\"left\"><div class=\"su-box su-box-style-default\" id=\"\" style=\"border-color:#000000;border-radius:3px;\"><div class=\"su-box-title\" style=\"background-color:#333333;color:#FFFFFF;border-top-left-radius:1px;border-top-right-radius:1px\">Que faisons-nous ?<\/div><div class=\"su-box-content su-u-clearfix su-u-trim\" style=\"border-bottom-left-radius:1px;border-bottom-right-radius:1px\">\n<p style=\"text-align: justify;\" align=\"left\">&nbsp;&nbsp;<img loading=\"lazy\" decoding=\"async\" class=\"alignleft wp-image-1056\" src=\"https:\/\/acve23.com\/site\/wp-content\/uploads\/2015\/01\/large_wall-calendar-clipart-300x229.jpg\" alt=\"large_wall-calendar-clipart\" width=\"196\" height=\"150\" srcset=\"https:\/\/acve23.com\/site\/wp-content\/uploads\/2015\/01\/large_wall-calendar-clipart-300x229.jpg 300w, https:\/\/acve23.com\/site\/wp-content\/uploads\/2015\/01\/large_wall-calendar-clipart-230x176.jpg 230w, https:\/\/acve23.com\/site\/wp-content\/uploads\/2015\/01\/large_wall-calendar-clipart.jpg 453w\" sizes=\"auto, (max-width: 196px) 100vw, 196px\" \/><b>Les manifestations pr\u00e9vues dans le cadre de l&rsquo;amicale<\/b> :<\/p>\n<p>&#8211; assembl\u00e9e g\u00e9n\u00e9rale,<br \/>\n&#8211; concentration annuelle \u00e0 une date pr\u00e9cise sur un week-end<br \/>\n&#8211; sorties sur une journ\u00e9e,<br \/>\n&#8211; soir\u00e9es amicalistes au restaurant<br \/>\n&#8211; etc\u2026, au gr\u00e9 de l&rsquo;inspiration de chacun.<\/p>\n<p style=\"text-align: justify;\" align=\"left\"><\/div><\/div>\n<p style=\"text-align: justify;\" align=\"left\"><div class=\"su-divider su-divider-style-double\" style=\"margin:15px 0;border-width:7px;border-color:#999999\"><a href=\"#\" style=\"color:#999999\">Aller en haut<\/a><\/div>\n<p style=\"text-align: justify;\" align=\"left\"><div class=\"su-box su-box-style-default\" id=\"\" style=\"border-color:#000000;border-radius:3px;\"><div class=\"su-box-title\" style=\"background-color:#333333;color:#FFFFFF;border-top-left-radius:1px;border-top-right-radius:1px\">Information et Communication<\/div><div class=\"su-box-content su-u-clearfix su-u-trim\" style=\"border-bottom-left-radius:1px;border-bottom-right-radius:1px\">\n<p style=\"text-align: justify;\" align=\"left\"><strong>&nbsp;<img loading=\"lazy\" decoding=\"async\" class=\"alignleft wp-image-1059\" src=\"https:\/\/acve23.com\/site\/wp-content\/uploads\/2015\/01\/images.jpg\" alt=\"images\" width=\"131\" height=\"150\">Elles&nbsp;sont assur\u00e9es par :<\/strong><br \/>\n&#8211; des bulletins mensuels,<br \/>\n&#8211; la liste des adh\u00e9rents qui est fournie, et actualis\u00e9e. Elle comporte les num\u00e9ros de t\u00e9l\u00e9phone, adresses E-mail, et les v\u00e9hicules de chacun.<br \/>\n&#8211; un site internet : www.acve23.com, pour suivre en direct l&rsquo;actualit\u00e9 de l&rsquo;amicale, avec un espace membres accessible \u00e0 l&rsquo;aide d&rsquo;un code.<\/p>\n<p style=\"text-align: justify;\" align=\"left\"><\/div><\/div>\n<\/div><\/div>\n<div class=\"su-column su-column-size-1-4\"><div class=\"su-column-inner su-u-clearfix su-u-trim\">\n<div class=\"su-box su-box-style-default\" id=\"\" style=\"border-color:#000000;border-radius:3px;\"><div class=\"su-box-title\" style=\"background-color:#333333;color:#FFFFFF;border-top-left-radius:1px;border-top-right-radius:1px\">Le logo<\/div><div class=\"su-box-content su-u-clearfix su-u-trim\" style=\"border-bottom-left-radius:1px;border-bottom-right-radius:1px\">\n<p><img loading=\"lazy\" decoding=\"async\" class=\"aligncenter size-full wp-image-538\" src=\"https:\/\/acve23.com\/site\/wp-content\/uploads\/2015\/08\/anim-logo.gif\" alt=\"anim-logo\" width=\"200\" height=\"200\"><\/p>\n<\/div><\/div>\n<div class=\"su-box su-box-style-default\" id=\"\" style=\"border-color:#000000;border-radius:3px;\"><div class=\"su-box-title\" style=\"background-color:#333333;color:#FFFFFF;border-top-left-radius:1px;border-top-right-radius:1px\">Adresse de correspondance<\/div><div class=\"su-box-content su-u-clearfix su-u-trim\" style=\"border-bottom-left-radius:1px;border-bottom-right-radius:1px\">\n<h5 style=\"text-align: center;\">AMICALE CREUSOISE&nbsp;DE V\u00c9HICULES D\u2019\u00c9POQUE<\/h5>\n<hr>\n<p style=\"text-align: center;\">chez M. MANTONNIER Patrick<\/p>\n<p style=\"text-align: center;\">7, route Napol\u00e9on<\/p>\n<p style=\"text-align: center;\">36 200 CELON<\/p>\n<hr>\n<h6 style=\"text-align: center;\">T\u00e9l. 07.50.25.78.89<\/h6>\n<h6 style=\"text-align: center;\">T\u00e9l. 06 20 22 31 61<\/h6>\n<h6 style=\"text-align: center;\">Mail : <a href=\"mailto:infos@acve23.com\">infos@acve23.com<\/a><\/h6>\n<\/div><\/div>\n<div class=\"su-box su-box-style-default\" id=\"\" style=\"border-color:#000000;border-radius:3px;\"><div class=\"su-box-title\" style=\"background-color:#333333;color:#FFFFFF;border-top-left-radius:1px;border-top-right-radius:1px\">Nos Partenaires<\/div><div class=\"su-box-content su-u-clearfix su-u-trim\" style=\"border-bottom-left-radius:1px;border-bottom-right-radius:1px\">\n<p><a href=\"http:\/\/www.francebleu.fr\/station\/france-bleu-creuse\"><img loading=\"lazy\" decoding=\"async\" class=\"size-thumbnail wp-image-1067 aligncenter\" src=\"https:\/\/acve23.com\/site\/wp-content\/uploads\/2015\/01\/france_bleu-150x150.jpg\" alt=\"france_bleu\" width=\"150\" height=\"150\" srcset=\"https:\/\/acve23.com\/site\/wp-content\/uploads\/2015\/01\/france_bleu-150x150.jpg 150w, https:\/\/acve23.com\/site\/wp-content\/uploads\/2015\/01\/france_bleu-230x230.jpg 230w, https:\/\/acve23.com\/site\/wp-content\/uploads\/2015\/01\/france_bleu.jpg 283w\" sizes=\"auto, (max-width: 150px) 100vw, 150px\" \/><\/a><\/p>\n<p>&nbsp;<\/p>\n<p><a href=\"http:\/\/www.lamontagne.fr\/limousin\/actualite\/departement\/creuse\/gueret.html\"><img loading=\"lazy\" decoding=\"async\" class=\"size-medium wp-image-1069 aligncenter\" src=\"https:\/\/acve23.com\/site\/wp-content\/uploads\/2015\/01\/logomontagne-300x74.gif\" alt=\"logomontagne\" width=\"300\" height=\"74\" srcset=\"https:\/\/acve23.com\/site\/wp-content\/uploads\/2015\/01\/logomontagne-300x74.gif 300w, https:\/\/acve23.com\/site\/wp-content\/uploads\/2015\/01\/logomontagne-830x204.gif 830w, https:\/\/acve23.com\/site\/wp-content\/uploads\/2015\/01\/logomontagne-550x135.gif 550w, https:\/\/acve23.com\/site\/wp-content\/uploads\/2015\/01\/logomontagne-230x57.gif 230w\" sizes=\"auto, (max-width: 300px) 100vw, 300px\" \/><\/a><\/p>\n<p><img loading=\"lazy\" decoding=\"async\" class=\"aligncenter wp-image-1072 size-full\" src=\"https:\/\/acve23.com\/site\/wp-content\/uploads\/2015\/01\/l-echo-e1440146939126.jpg\" alt=\"l-echo\" width=\"260\" height=\"93\" srcset=\"https:\/\/acve23.com\/site\/wp-content\/uploads\/2015\/01\/l-echo-e1440146939126.jpg 260w, https:\/\/acve23.com\/site\/wp-content\/uploads\/2015\/01\/l-echo-e1440146939126-230x82.jpg 230w\" sizes=\"auto, (max-width: 260px) 100vw, 260px\" \/><\/p>\n<p><img loading=\"lazy\" decoding=\"async\" class=\"aligncenter size-medium wp-image-1076\" src=\"https:\/\/acve23.com\/site\/wp-content\/uploads\/2015\/01\/logo_Le_Criquet-300x121.jpg\" alt=\"logo_Le_Criquet\" width=\"300\" height=\"121\" srcset=\"https:\/\/acve23.com\/site\/wp-content\/uploads\/2015\/01\/logo_Le_Criquet-300x121.jpg 300w, https:\/\/acve23.com\/site\/wp-content\/uploads\/2015\/01\/logo_Le_Criquet-230x93.jpg 230w, https:\/\/acve23.com\/site\/wp-content\/uploads\/2015\/01\/logo_Le_Criquet.jpg 337w\" sizes=\"auto, (max-width: 300px) 100vw, 300px\" \/><\/p>\n<p><a href=\"http:\/\/www.chenerailles.fr\/\"><img loading=\"lazy\" decoding=\"async\" class=\"aligncenter size-full wp-image-1074\" src=\"https:\/\/acve23.com\/site\/wp-content\/uploads\/2015\/01\/120px-Blason_Ch--n--railles_23.jpg\" alt=\"120px-Blason_Ch\u00e9n\u00e9railles_23\" width=\"120\" height=\"150\"><\/a><\/p>\n<\/div><\/div>\n<\/div><\/div>\n<\/div>\n<h4 style=\"text-align: center;\"><span class=\"su-highlight\" style=\"background:#fdfd32;color:#000000\">&nbsp; Si votre motivation est le partage de \u00ab\u00a0bons tuyaux\u00a0\u00bb, et de \u00ab\u00a0bons moments\u00a0\u00bb,&nbsp;<\/span><\/h4>\n<h4 style=\"text-align: center;\"><span class=\"su-highlight\" style=\"background:#fdfd32;color:#000000\">&nbsp;le moment est venu pour vous, d&rsquo;adh\u00e9rer \u00e0 l&rsquo;A.C.V.E&nbsp;<\/span><\/h4>\n<p style=\"text-align: center;\"><a href=\"https:\/\/acve23.com\/site\/\" class=\"su-button su-button-style-flat\" style=\"color:#FFFFFF;background-color:#2D89EF;border-color:#246ec0;border-radius:5px\" target=\"_self\"><span style=\"color:#FFFFFF;padding:6px 16px;font-size:13px;line-height:20px;border-color:#6cadf4;border-radius:5px;text-shadow:none\"><img decoding=\"async\" src=\"https:\/\/acve23.com\/site\/wp-content\/uploads\/2015\/09\/home78.png\" alt=\"RETOUR A&nbsp;L&rsquo;ACCUEIL\" style=\"width:20px;height:20px\" \/> RETOUR A&nbsp;L&rsquo;ACCUEIL<\/span><\/a>\n","protected":false},"excerpt":{"rendered":"<p>Mentions l\u00e9gales &nbsp;<\/p>\n","protected":false},"author":1,"featured_media":0,"parent":0,"menu_order":0,"comment_status":"closed","ping_status":"closed","template":"page-templates\/page_front-page.php","meta":{"ngg_post_thumbnail":0,"footnotes":""},"class_list":["post-2","page","type-page","status-publish","hentry",""],"_links":{"self":[{"href":"https:\/\/acve23.com\/site\/wp-json\/wp\/v2\/pages\/2","targetHints":{"allow":["GET"]}}],"collection":[{"href":"https:\/\/acve23.com\/site\/wp-json\/wp\/v2\/pages"}],"about":[{"href":"https:\/\/acve23.com\/site\/wp-json\/wp\/v2\/types\/page"}],"author":[{"embeddable":true,"href":"https:\/\/acve23.com\/site\/wp-json\/wp\/v2\/users\/1"}],"replies":[{"embeddable":true,"href":"https:\/\/acve23.com\/site\/wp-json\/wp\/v2\/comments?post=2"}],"version-history":[{"count":57,"href":"https:\/\/acve23.com\/site\/wp-json\/wp\/v2\/pages\/2\/revisions"}],"predecessor-version":[{"id":3211,"href":"https:\/\/acve23.com\/site\/wp-json\/wp\/v2\/pages\/2\/revisions\/3211"}],"wp:attachment":[{"href":"https:\/\/acve23.com\/site\/wp-json\/wp\/v2\/media?parent=2"}],"curies":[{"name":"wp","href":"https:\/\/api.w.org\/{rel}","templated":true}]}}