{"id":1674,"date":"2015-09-29T19:40:15","date_gmt":"2015-09-29T19:40:15","guid":{"rendered":"http:\/\/acve23.com\/site\/?page_id=1674"},"modified":"2015-11-15T16:39:36","modified_gmt":"2015-11-15T16:39:36","slug":"ford","status":"publish","type":"page","link":"https:\/\/acve23.com\/site\/ford\/","title":{"rendered":"FORD"},"content":{"rendered":"<h4 style=\"text-align: left;\"><div class=\"su-box su-box-style-default\" id=\"\" style=\"border-color:#000000;border-radius:3px;\"><div class=\"su-box-title\" style=\"background-color:#333333;color:#FFFFFF;border-top-left-radius:1px;border-top-right-radius:1px\">NOS VOITURES DE LA MARQUE<\/div><div class=\"su-box-content su-u-clearfix su-u-trim\" style=\"border-bottom-left-radius:1px;border-bottom-right-radius:1px\">\n<img loading=\"lazy\" decoding=\"async\" class=\"wp-image-1671 size-medium aligncenter\" src=\"https:\/\/acve23.com\/site\/wp-content\/uploads\/2015\/08\/fordlogo1912-300x171.jpg\" alt=\"\" width=\"300\" height=\"171\" srcset=\"https:\/\/acve23.com\/site\/wp-content\/uploads\/2015\/08\/fordlogo1912-300x171.jpg 300w, https:\/\/acve23.com\/site\/wp-content\/uploads\/2015\/08\/fordlogo1912-230x131.jpg 230w, https:\/\/acve23.com\/site\/wp-content\/uploads\/2015\/08\/fordlogo1912-350x200.jpg 350w, https:\/\/acve23.com\/site\/wp-content\/uploads\/2015\/08\/fordlogo1912.jpg 504w\" sizes=\"auto, (max-width: 300px) 100vw, 300px\" \/><br \/>\n<\/div><\/div><\/h4>\n<div class=\"su-divider su-divider-style-double\" style=\"margin:15px 0;border-width:7px;border-color:#999999\"><a href=\"#\" style=\"color:#999999\">Aller en haut<\/a><\/div>\n<h2><img loading=\"lazy\" decoding=\"async\" class=\"alignleft wp-image-1678 size-thumbnail\" style=\"border: 5px solid #fffffe;\" src=\"https:\/\/acve23.com\/site\/wp-content\/uploads\/2015\/09\/IMG_2989-150x150.jpg\" alt=\"\" width=\"150\" height=\"150\" \/><span class=\"su-highlight\" style=\"background:#fdfd32;color:#000000\">&nbsp;FORD MUSTANG&nbsp;<\/span><\/h2>\n<h5>Propri\u00e9taire :\u00a0Michel et Colette<\/h5>\n<h4>Ann\u00e9e : N.C<\/h4>\n<div class=\"su-tabs su-tabs-style-default su-tabs-mobile-stack\" data-active=\"1\" data-scroll-offset=\"0\" data-anchor-in-url=\"no\"><div class=\"su-tabs-nav\"><span class=\"\" data-url=\"\" data-target=\"blank\" tabindex=\"0\" role=\"button\">Photos<\/span><span class=\"\" data-url=\"\" data-target=\"blank\" tabindex=\"0\" role=\"button\">Caract\u00e9ristiques<\/span><span class=\"\" data-url=\"\" data-target=\"blank\" tabindex=\"0\" role=\"button\">Histoire<\/span><\/div><div class=\"su-tabs-panes\"><div class=\"su-tabs-pane su-u-clearfix su-u-trim\" data-title=\"Photos\">\n<p>\n<div class=\"ngg-galleryoverview\" id=\"ngg-gallery-bc116922cb466a58b571677fc83dee5f-1674\">\n\n\t\t\t<!-- Slideshow link -->\n\t<div class=\"slideshowlink\">\n\t\t<a class=\"slideshowlink\" href=\"https:\/\/acve23.com\/site\/ford\/nggallery\/slideshow\">\n\t\t\t[Montrer sous forme de diaporama]\t\t<\/a>\n\t<\/div>\n\n\t<!-- Thumbnails -->\n\t\t\t\t\n\t<div id=\"ngg-image-103\" class=\"ngg-gallery-thumbnail-box\"  >\n\t\t<div class=\"ngg-gallery-thumbnail\" >\n\t\t\t<a href=\"https:\/\/acve23.com\/site\/wp-content\/gallery\/ford-mustang-mb\/IMG_2989.jpg\"\n\t\t\t\ttitle=\" \"\n\t\t\t\tclass=\"ngg-fancybox\" rel=\"bc116922cb466a58b571677fc83dee5f\" data-image-id=\"103\" data-src=\"https:\/\/acve23.com\/site\/wp-content\/gallery\/ford-mustang-mb\/IMG_2989.jpg\" data-thumbnail=\"https:\/\/acve23.com\/site\/wp-content\/gallery\/ford-mustang-mb\/thumbs\/thumbs_IMG_2989.jpg\" data-title=\"IMG_2989\" data-description=\" \" >\n\t\t\t\t\t\t\t\t<img title=\"IMG_2989\" alt=\"IMG_2989\" src=\"https:\/\/acve23.com\/site\/wp-content\/gallery\/ford-mustang-mb\/thumbs\/thumbs_IMG_2989.jpg\" width='120' height='90' \/>\n\t\t\t\t\t\t\t<\/a>\n\t\t<\/div>\n\t<\/div>\n\n\t\t\t\t\t\t\t\t\t\n\t\n\t<div id=\"ngg-image-104\" class=\"ngg-gallery-thumbnail-box\"  >\n\t\t<div class=\"ngg-gallery-thumbnail\" >\n\t\t\t<a href=\"https:\/\/acve23.com\/site\/wp-content\/gallery\/ford-mustang-mb\/IMG_2990.jpg\"\n\t\t\t\ttitle=\" \"\n\t\t\t\tclass=\"ngg-fancybox\" rel=\"bc116922cb466a58b571677fc83dee5f\" data-image-id=\"104\" data-src=\"https:\/\/acve23.com\/site\/wp-content\/gallery\/ford-mustang-mb\/IMG_2990.jpg\" data-thumbnail=\"https:\/\/acve23.com\/site\/wp-content\/gallery\/ford-mustang-mb\/thumbs\/thumbs_IMG_2990.jpg\" data-title=\"IMG_2990\" data-description=\" \" >\n\t\t\t\t\t\t\t\t<img title=\"IMG_2990\" alt=\"IMG_2990\" src=\"https:\/\/acve23.com\/site\/wp-content\/gallery\/ford-mustang-mb\/thumbs\/thumbs_IMG_2990.jpg\" width='120' height='90' \/>\n\t\t\t\t\t\t\t<\/a>\n\t\t<\/div>\n\t<\/div>\n\n\t\t\t\t\t\t\t\t\t\n\t\n\t<div id=\"ngg-image-105\" class=\"ngg-gallery-thumbnail-box\"  >\n\t\t<div class=\"ngg-gallery-thumbnail\" >\n\t\t\t<a href=\"https:\/\/acve23.com\/site\/wp-content\/gallery\/ford-mustang-mb\/IMG_2991.jpg\"\n\t\t\t\ttitle=\" \"\n\t\t\t\tclass=\"ngg-fancybox\" rel=\"bc116922cb466a58b571677fc83dee5f\" data-image-id=\"105\" data-src=\"https:\/\/acve23.com\/site\/wp-content\/gallery\/ford-mustang-mb\/IMG_2991.jpg\" data-thumbnail=\"https:\/\/acve23.com\/site\/wp-content\/gallery\/ford-mustang-mb\/thumbs\/thumbs_IMG_2991.jpg\" data-title=\"IMG_2991\" data-description=\" \" >\n\t\t\t\t\t\t\t\t<img title=\"IMG_2991\" alt=\"IMG_2991\" src=\"https:\/\/acve23.com\/site\/wp-content\/gallery\/ford-mustang-mb\/thumbs\/thumbs_IMG_2991.jpg\" width='120' height='90' \/>\n\t\t\t\t\t\t\t<\/a>\n\t\t<\/div>\n\t<\/div>\n\n\t\t\t\t\t\t\t\t\t\n\t\n\t<!-- Pagination -->\n\t\t<div class='ngg-clear'><\/div>\n<\/div>\n\n\t<\/p>\n<\/div>\n<div class=\"su-tabs-pane su-u-clearfix su-u-trim\" data-title=\"Caract\u00e9ristiques\">\n<p>Les caract\u00e9ristiques de cette voiture ne nous ont pas encore \u00e9t\u00e9 communiqu\u00e9s.<\/p>\n<\/div>\n<div class=\"su-tabs-pane su-u-clearfix su-u-trim\" data-title=\"Histoire\">\n<p style=\"text-align: justify;\"><span style=\"text-align: justify; line-height: 1.5;\">La <b>Ford Mustang<\/b> est un c\u00e9l\u00e8bre mod\u00e8le d&rsquo;automobile construit par Ford depuis 1964. Fait unique pour la marque Ford, les Mustang arborent leur propre logotype de calandre &#8211; un mustang au galop &#8211; \u00e0 la place de celui du constructeur.<\/span><\/p>\n<p style=\"text-align: justify;\"><span style=\"text-align: justify; line-height: 1.5;\">Le <time class=\"nowrap date-lien\" datetime=\"1964-04-17\">17 avril 1964<\/time>\u00a0marque un tournant dans l&rsquo;histoire de l&rsquo;industrie automobile\u00a0; ce jour-l\u00e0, Ford, second constructeur mondial, pr\u00e9sente \u00e0 la foire mondiale de New York sa Mustang. Ford a en quelque sorte r\u00e9invent\u00e9 l&rsquo;automobile pour les jeunes Am\u00e9ricains issus du\u00a0baby boom et blas\u00e9s des grosses voitures lourdes et massives. Lee Iacocca, alors directeur g\u00e9n\u00e9ral de Ford, avait depuis longtemps la vision d&rsquo;une petite voiture sportive qui envahirait les rues (comme la Coccinelle de Volkswagen en Europe). Au lieu de faire une \u00e9ni\u00e8me version d&rsquo;une voiture d\u00e9j\u00e0 existante, Ford met sur roues le concept de <i>pony car<\/i>. Cr\u00e9\u00e9e au d\u00e9part comme un coup\u00e9 deux places dans la plus pure tradition europ\u00e9enne, Lee Iacocca r\u00e9alise que le succ\u00e8s d\u00e9pend en grande partie du volume des ventes, ainsi, pour \u00e9conomiser les co\u00fbts de d\u00e9veloppement, les premi\u00e8res versions seront directement bas\u00e9es sur la Ford Falcon familiale. La Mustang est alors dot\u00e9e en s\u00e9rie d&rsquo;un moteur de 6 cylindres en ligne de <span class=\"nowrap\">2,8\u00a0L<\/span> ou, en option, d&rsquo;un V8 de <span class=\"nowrap\">260\u00a0ci<\/span> (<span class=\"nowrap\">4,2\u00a0L<\/span>) ou d&rsquo;un <span class=\"nowrap\">289\u00a0ci<\/span>(<span class=\"nowrap\">4,7\u00a0L<\/span>). Elle est disponible en coup\u00e9 <i>hardtop<\/i> ou en cabriolet (la carrosserie <i>fastback<\/i> appara\u00eet en 1965). Il y a du chrome en abondance, ce qui la rend des plus attrayante pour les jeunes. De nombreuses options sont disponibles pour agr\u00e9menter la voiture, le but \u00e9tant que chacun ait une Mustang unique. Elle est en concurrence avec la Plymouth Barracuda sortie deux semaines plus t\u00f4t mais qui n&rsquo;aura pas l&rsquo;immense succ\u00e8s de la Mustang. La version officielle du nom de Mustang viendrait de John Najjar, un des concepteurs de la Mustang prototype I, qui aurait propos\u00e9 ce nom tir\u00e9 de l&rsquo;avion P-51 Mustang dont il \u00e9tait fan. Ceci est une l\u00e9gende comme le pr\u00e9cise le livre officiel de Ford sur les Mustang. Le nom Mustang provient du cheval du m\u00eame nom (d&rsquo;o\u00f9 le logo)..<\/span><\/p>\n<p style=\"text-align: justify;\"><\/div><\/div><\/div>\n<p style=\"text-align: center;\"><a href=\"https:\/\/acve23.com\/site\/les-marques\/\" class=\"su-button su-button-style-flat\" style=\"color:#FFFFFF;background-color:#2D89EF;border-color:#246ec0;border-radius:5px\" target=\"_self\"><span style=\"color:#FFFFFF;padding:6px 16px;font-size:13px;line-height:20px;border-color:#6cadf4;border-radius:5px;text-shadow:none\"><img decoding=\"async\" src=\"https:\/\/acve23.com\/site\/wp-content\/uploads\/2015\/09\/car124.png\" alt=\"RETOUR AUX MARQUES\" style=\"width:20px;height:20px\" \/> RETOUR AUX MARQUES<\/span><\/a>\n<p>&nbsp;<\/p>\n","protected":false},"excerpt":{"rendered":"<p>Propri\u00e9taire :\u00a0Michel et Colette Ann\u00e9e : N.C &nbsp;<\/p>\n","protected":false},"author":1,"featured_media":0,"parent":0,"menu_order":0,"comment_status":"closed","ping_status":"closed","template":"page-templates\/page_front-page.php","meta":{"ngg_post_thumbnail":0,"footnotes":""},"class_list":["post-1674","page","type-page","status-publish","hentry",""],"_links":{"self":[{"href":"https:\/\/acve23.com\/site\/wp-json\/wp\/v2\/pages\/1674","targetHints":{"allow":["GET"]}}],"collection":[{"href":"https:\/\/acve23.com\/site\/wp-json\/wp\/v2\/pages"}],"about":[{"href":"https:\/\/acve23.com\/site\/wp-json\/wp\/v2\/types\/page"}],"author":[{"embeddable":true,"href":"https:\/\/acve23.com\/site\/wp-json\/wp\/v2\/users\/1"}],"replies":[{"embeddable":true,"href":"https:\/\/acve23.com\/site\/wp-json\/wp\/v2\/comments?post=1674"}],"version-history":[{"count":8,"href":"https:\/\/acve23.com\/site\/wp-json\/wp\/v2\/pages\/1674\/revisions"}],"predecessor-version":[{"id":1906,"href":"https:\/\/acve23.com\/site\/wp-json\/wp\/v2\/pages\/1674\/revisions\/1906"}],"wp:attachment":[{"href":"https:\/\/acve23.com\/site\/wp-json\/wp\/v2\/media?parent=1674"}],"curies":[{"name":"wp","href":"https:\/\/api.w.org\/{rel}","templated":true}]}}